*w**3. Let r be x(-3). Suppose r*z = 22*z + 448. Is 7 a factor of z?
True
Let o(i) = i**3 - i**2 - i - 2. Let s(t) = 5*t**3 - 3*t**2 - 28*t - 1. Let j(q) = -2*o(q) + s(q). Is 28 a factor of j(5)?
False
Let z = 12731 + -6736. Is 34 a factor of z?
False
Suppose l + 280844 = 5*g, 0 = -3*g + 3*l + 104573 + 63955. Does 41 divide g?
False
Suppose 5*s - 11893 = -j, -15*j - 40*s - 47272 = -19*j. Is 9 a factor of j?
False
Suppose -5*d + 5*b = -1190, 660 - 181 = 2*d - 3*b. Let z = -123 + d. Suppose 4*n + 4*s = z, -3*s - 26 + 6 = -n. Is 4 a factor of n?
False
Let g(a) = a**3 - 11*a**2 - 2*a + 22. Let k be g(11). Suppose 13*u - 11*u + 394 = k. Let w = u + 347. Does 16 divide w?
False
Let c(u) = u**3 + 8*u**2 - 12*u + 12. Let v be c(-10). Let l = 59 + -137. Let o = v - l. Is 5 a factor of o?
True
Let l = 24981 + -14906. Is l a multiple of 19?
False
Suppose 2*j = 7 + 1. Suppose a - 3*m = -4, -20 = a + j*a + 3*m. Let o(r) = 11*r**2 - 7*r - 9. Does 24 divide o(a)?
False
Let m(j) = 2*j**2 - 17*j + 5. Does 21 divide m(-5)?
False
Let w = -16970 - -28797. Does 34 divide w?
False
Let a = -846 + 1076. Let w = 10 - 8. Suppose a = -m + w*m. Is 46 a factor of m?
True
Let g be -3*(514/(-6) + 6). Let m = 3 + g. Does 11 divide m?
True
Let m(j) = -53*j - 1235. Does 13 divide m(-42)?
False
Suppose -32*h + 143275 + 29969 + 71588 = 0. Does 21 divide h?
False
Let o = -826 - -840. Let t(y) = -17*y + 3*y**2 - y**2 + 4 - 7. Is 16 a factor of t(o)?
False
Let n = -161 - -461. Let s be (-20)/(-12) - 2/(-6). Suppose -a + 154 = 5*f + 14, -s*a - 5*f = -n. Does 16 divide a?
True
Suppose 5*l = -t + 338, t + 0*l - 310 = 2*l. Suppose -219 = -4*h - 5*a + 461, 2*h - t = 3*a. Does 15 divide h?
True
Let p = 2340 + -1798. Does 3 divide p?
False
Suppose 0 = -5*l + 7*l + 6, -5*z + 2*l = -26. Suppose -z*c + 0*c = y - 13, 17 = c + 3*y. Does 9 divide (c + -5)*(-45 + 0)?
True
Suppose 0 = -5*y - 2*y + 14. Suppose 9*c - 11*c = -8. Suppose 3*k = -3, y = t - c*k - 7. Is 3 a factor of t?
False
Let o = 27 - 46. Let d(k) = -6*k - 52. Let w(q) = 7*q + 54. Let g(x) = 4*d(x) + 3*w(x). Does 3 divide g(o)?
False
Let u = 112 - 190. Let j be u/36 + 2/12. Does 7 divide (-6)/j - (4 + -33)?
False
Let s be 2*15*13/3. Let w = -48 - -51. Suppose 0*r - w*r + 4*o + s = 0, 12 = -3*o. Is r a multiple of 19?
True
Let h(x) = x**2 - 7*x + 2. Let v be h(3). Let c be (-125)/10*8/v. Is 4*(195/c - (0 + -2)) a multiple of 17?
False
Let a be (1 - 1) + (0 - -67). Suppose 0 = 278*c - 277*c + 15. Let r = c + a. Does 12 divide r?
False
Suppose -13*c + 16*c - 45 = 0. Let u(n) = -4*n + 48. Let r be u(c). Let i(q) = q**3 + 10*q**2 - 27*q - 1. Is 20 a factor of i(r)?
False
Let b = 13353 - 4166. Is 5 a factor of b?
False
Let i(r) = 31*r**2 + r + 6. Let b(a) = -a**3 - 18*a**2 + 17*a - 34. Let j be b(-19). Does 23 divide i(j)?
True
Let r(j) = -14*j**2 - 36*j - 19. Let d(x) = -5*x**2 - 12*x - 6. Suppose -m + 16 - 7 = 2*f, -m - 3 = -f. Let n(y) = f*r(y) - 11*d(y). Is n(-6) a multiple of 26?
True
Suppose 2*o - 5*h = -37, -12*h + 16*h - 20 = 0. Let p(q) = 4*q**2 + q - 35. Does 54 divide p(o)?
False
Let v(z) = 216*z + 12. Let b be v(3). Suppose -5*i = -2*y + 20, 0 = 4*y - 2*i + 3 - 27. Suppose w = -y*w + b. Is 22 a factor of w?
True
Suppose 8*o + 8136 + 5472 = 0. Let v = o + 2613. Is 24 a factor of v?
True
Let k = -99 - -66. Is (1 - k/(-9))*-21 a multiple of 4?
True
Suppose 5*m = b - 534, m - 8 = -5. Does 4 divide b?
False
Suppose 3*p - 3*w = 2*w + 66, 4*w - 56 = -4*p. Suppose p - 1304 = -3*g. Is g a multiple of 8?
False
Suppose -6 = 5*i - 2*i + 3*c, -3*c = -5*i + 22. Let a be 6*(0 + 3)/6. Suppose -i*s - 202 = -4*s - 4*y, -5*s - a*y = -505. Is 23 a factor of s?
False
Let h = -56 - -58. Suppose 4*d + h*k - 12 = 0, 0 = -d + 2*k + 6 - 3. Suppose -346 = -4*c + d*m, 3 = 2*m - 1. Is c a multiple of 36?
False
Let k(r) be the third derivative of -5*r**4/24 + 3*r**3 + 7*r**2. Let u be k(0). Does 22 divide (-6)/(-10) + u*(-87)/(-15)?
False
Suppose 8*m + 16 = 4*m - 4*q, 0 = 2*m + 3*q + 10. Let y(d) = -12*d**2 - d + 8. Let r(x) = 13*x**2 - 8. Let s(v) = 4*r(v) + 3*y(v). Is 6 a factor of s(m)?
False
Is 43 a factor of 5/(9/((-11419425)/(-125)))?
False
Let f(o) = 6 + 9 + o - 2*o - o. Let y be f(11). Let w = y + 12. Is w a multiple of 3?
False
Suppose 6*z - 14*z = 0. Suppose -3*c + z*c + 5*b + 1673 = 0, 2*c - 1109 = -3*b. Suppose 3*r - 5*o - c = 0, 5*o = -r + 192 - 20. Does 12 divide r?
False
Let r = -53 - -41. Let g(h) = -h**2 - 11*h + 10. Let k be g(r). Is (-4)/(-1) - k*5 a multiple of 7?
True
Let s(j) = -5*j**3 - 16*j**2 + 9. Let t be s(-3). Suppose 4*o + 3*w - 3897 = t, -3*o + 2933 = -2*w + 6. Does 13 divide o?
True
Let j(k) = 3*k**3 + 4*k**2 - 34*k + 24. Let t(b) = -b**3 + b - 1. Let h(f) = -j(f) - 4*t(f). Is 44 a factor of h(10)?
True
Let t = 25328 - 18497. Is 23 a factor of t?
True
Is -19327*3/(-15) + 2*(-1)/5 a multiple of 87?
False
Suppose 5*n = 9 + 16. Suppose q + 3*s - 4 = 0, s + 3 = n*q - s. Let w(v) = 47*v + 3. Is w(q) a multiple of 10?
True
Suppose 3*w - 4*w + 30 = 0. Suppose -24*q = -30*q - 12. Is 3 a factor of (q/6)/((-2)/w)?
False
Let t = 39 - 41. Let r(m) = -m**3 - 2*m**2 - 3*m - 1. Let j be r(t). Suppose -5*h + j*l = -195, 0 = 5*h - 4*h - 3*l - 43. Does 13 divide h?
False
Let v(h) = 574*h + 24. Let q be 2/(6 + -8)*-1. Does 13 divide v(q)?
True
Let n(w) = w**3 + 3*w**2 + 1. Let a(p) = 5*p**2 - 8*p - 10. Let r(i) = -a(i) - 2*n(i). Does 12 divide r(-8)?
True
Let v(x) = 5*x**3 - 52*x**2 - 35*x - 35. Is 24 a factor of v(16)?
False
Let d(l) = 1376*l - 14. Does 18 divide d(4)?
True
Let c = -523 + 274. Let h = 487 + c. Is h a multiple of 17?
True
Let k be (-8)/(-5) - (-32)/80. Is (-210)/(-15)*79/k a multiple of 28?
False
Let b(r) = -3*r**3 + 167*r**2 + 72*r - 276. Is b(54) a multiple of 12?
True
Suppose 21*n = -g + 20*n + 5623, -4*g = -5*n - 22438. Does 114 divide g?
False
Suppose 3*u + h = 47439, 251*u - 2*h = 253*u - 31618. Is u a multiple of 17?
False
Suppose 4*s - 9*s = 0. Suppose 2*w - 11 + 7 = s. Let c(v) = 26*v**2 - 3*v. Does 14 divide c(w)?
True
Suppose 0 = -0*s - 7*s + 11858. Suppose s = 14*w - 154. Is 14 a factor of w?
False
Suppose 0 = 5*h + 8*h - 7499 - 5280. Does 18 divide h?
False
Let q = 2454 - 678. Is q a multiple of 20?
False
Let n = 432 - -2111. Is 5 a factor of n?
False
Let m(i) = -44 + 23*i - 11*i**2 - 67*i**2 + 77*i**2. Let y(b) = 21*b**2 + 2*b + 1. Let p be y(-1). Is m(p) a multiple of 4?
True
Let c(h) = 37*h - 54. Let o be c(3). Let g = o + 108. Does 6 divide g?
False
Is 39 a factor of 10/((360/24620)/18)?
False
Suppose -12*o + 10*o + a = -20718, o - a = 10363. Does 109 divide o?
True
Suppose -6488 = 64*j - 65*j. Is j a multiple of 17?
False
Let n = -9917 - -23814. Is 10 a factor of n?
False
Let x(n) = -23*n**2 + 114*n + 118. Let l(h) = 8*h**2 - 39*h - 40. Let u(g) = 11*l(g) + 4*x(g). Does 3 divide u(7)?
False
Suppose -20 = -5*o, -7*c - 3*o + 32 = -2*c. Suppose 0 = -c*u + 3953 - 1253. Does 44 divide u?
False
Let u = -1186 - -1750. Is u a multiple of 4?
True
Suppose -997*a = -988*a - 3888. Does 18 divide a?
True
Let u = 83 + -88. Let j(d) = -2*d - 2. Let s be j(u). Let z(q) = 15*q - 22. Is z(s) a multiple of 9?
False
Let x(c) = 7*c**2 + 2*c + 30. Suppose 6*n - 11*n = 3*k + 10, 0 = 2*n + k + 5. Is 39 a factor of x(n)?
True
Suppose -12*q = 37*q - 85554. Suppose -17*c = -1450 - q. Is 2 a factor of c?
True
Let m = -25382 + 42119. Is 38 a factor of m?
False
Let p(c) = 62*c**2 + 82*c - 4. Is 32 a factor of p(6)?
True
Let o(v) be the second derivative of -v**5/20 + v**4/3 + 11*v**3/6 + 5*v**2/2 + 25*v. Let m be o(7). Let l = m - -293. Is l a multiple of 38?
True
Let j(p) = 2*p**2 - 15. Let c be (9 + 3/(-1))/((-21)/14). Is j(c) a multiple of 4?
False
Let i(d) be the first derivative of -d**4/4 + 5*d**3/3 - 5*d**2/2 + d - 18. Let p be i(2). Suppose x = -p*v + 20, -5*v + 4*x + 60 = -x. Does 8 divide v?
True
Is ((-237)/(-12))/(1077/(-360) - -3) a multiple of 30?
True
Suppose 10*l = 8*l + 668. Let v = -286 + l. Is v a multiple of 16?
True
Let n(u) = -15*u - 18. Let k = 1 + -61. Let g = k - -52. Is n(g) a multiple of 15?
False
Let n = -7 + 44. Suppose -32 = -19*y + 44. Suppose y*d - 203 - n = 0. Is 10 a factor of d?
True
Let q = 8 + -3. Suppose -q*m + 2*s = -455, -5*m - 2*s = -s - 440. Is 9 a factor of m?
False
Let w(i) = i**3 + 23*i**2 +